{"id":3,"date":"2020-09-01T07:26:34","date_gmt":"2020-09-01T07:26:34","guid":{"rendered":"https:\/\/souslechapeau.fr\/?page_id=3"},"modified":"2024-07-03T17:44:11","modified_gmt":"2024-07-03T17:44:11","slug":"politique-confidentialite","status":"publish","type":"page","link":"https:\/\/souslechapeau.fr\/index.php\/politique-confidentialite\/","title":{"rendered":"Politique de confidentialit\u00e9"},"content":{"rendered":"\n\n<h3><strong>Qui sommes-nous\u00a0?<\/strong><\/h3>\n<p>Sous le chapeau est une <strong>agence de communication<\/strong>. Nous proposons\u00a0 du print, du web et de l\u2019\u00e9v\u00e9nementiel.<\/p>\n<p>Les adresses de notre site web sont\u00a0:<br \/>\u2013\u00a0<a href=\"https:\/\/souslechapeau.fr\">souslechapeau.fr<\/a><br \/>\u2013\u00a0<a href=\"https:\/\/souslechapeau.com\">souslechapeau.com<\/a><br \/>Vous pouvez nous contacter sur cette page :\u00a0<a href=\"https:\/\/souslechapeau.fr\/agence-de-communication-edition-et-style-contact-me\">Page de contact<\/a><\/p>\n<p>\u00a0<\/p>\n\n\n<h2><strong>Utilisation des donn\u00e9es personnelles collect\u00e9es<\/strong><\/h2>\n\n\n<p>Les donn\u00e9es renseign\u00e9es dans le formulaire pr\u00e9sent sur la page de contact sont sauvegard\u00e9es et utilis\u00e9es par l\u2019agence\u00a0<strong>Sous\u00a0le\u00a0chapeau<\/strong>\u00a0afin de vous recontacter.<br \/>Aucune statistique ou revente n\u2019est effectu\u00e9e \u00e0 partir de vos donn\u00e9es personnelles.<\/p>\n\n\n<p><\/p>\n\n\n<h3>\u00a0<\/h3>\n<h3><strong>Cookies<\/strong><\/h3>\n\n\n<p>Pour le bon fonctionnement du site, un cookie peut \u00eatre d\u00e9pos\u00e9 sur votre machine. Il ne contient pas de donn\u00e9es personnelles et sera supprim\u00e9 automatiquement \u00e0 la fermeture de votre navigateur.<br>N\u00e9anmoins, vous pouvez vous opposer \u00e0 l\u2019enregistrement de cookies en configurant votre navigateur de mani\u00e8re ad\u00e9quate :&nbsp;<a href=\"https:\/\/www.cnil.fr\/fr\/cookies-les-outils-pour-les-maitriser\">En savoir plus<\/a><\/p>\n\n\n<h3>\u00a0<\/h3>\n<h3><strong>Contenu embarqu\u00e9 depuis d\u2019autres sites<\/strong><\/h3>\n<p>Les articles de ce site peuvent inclure des contenus int\u00e9gr\u00e9s (par exemple des vid\u00e9os, images, articles\u2026). Le contenu int\u00e9gr\u00e9 depuis d\u2019autres sites se comporte de la m\u00eame mani\u00e8re que si le visiteur se rendait sur cet autre site.<\/p>\n<p>Ces sites web pourraient collecter des donn\u00e9es sur vous, utiliser des cookies, embarquer des outils de suivis tiers, suivre vos interactions avec ces contenus embarqu\u00e9s si vous disposez d\u2019un compte connect\u00e9 sur leur site web.<\/p>\n\n\n\n\n<p><\/p>\n\n\n<h3>\u00a0<\/h3>\n<h3><strong>Informations de contact<\/strong><\/h3>\n<p>Pour les demandes concernant la vie priv\u00e9e, vous pouvez nous contacter par email, \u00e0 l\u2019adresse :\u00a0<a href=\"mailto:info@souslechapeau.fr\">info@souslechapeau.fr<\/a><\/p>\n<p>Vous pouvez \u00e9galement nous envoyer un message en vous rendant sur la\u00a0<a href=\"https:\/\/souslechapeau.fr\/index.php\/laissez-nous-un-message\/\">page de contact<\/a>\u00a0du site.<\/p>\n<p>Enfin vous pouvez nous adresser un courrier \u00e0 l\u2019adresse postale suivante :<\/p>\n<p><strong><a href=\"https:\/\/www.souslechapeau.fr\/\">Agence\u00a0sous\u00a0le\u00a0chapeau<\/a>\u00a0<br \/>29 avenue Roger Salengro<br \/>68100 MULHOUSE<br \/>France<\/strong><\/p>\n\n\n<p><\/p>\n\n\n","protected":false},"excerpt":{"rendered":"<p>Qui sommes-nous\u00a0? Sous le chapeau est une agence de communication. Nous proposons\u00a0 du print, du web et de l\u2019\u00e9v\u00e9nementiel. Les adresses de notre site web sont\u00a0:\u2013\u00a0souslechapeau.fr\u2013\u00a0souslechapeau.comVous pouvez nous contacter sur cette page :\u00a0Page de contact \u00a0 Utilisation des donn\u00e9es personnelles [&hellip;]<\/p>\n","protected":false},"author":1,"featured_media":0,"parent":0,"menu_order":0,"comment_status":"closed","ping_status":"closed","template":"","meta":[],"_links":{"self":[{"href":"https:\/\/souslechapeau.fr\/index.php\/wp-json\/wp\/v2\/pages\/3"}],"collection":[{"href":"https:\/\/souslechapeau.fr\/index.php\/wp-json\/wp\/v2\/pages"}],"about":[{"href":"https:\/\/souslechapeau.fr\/index.php\/wp-json\/wp\/v2\/types\/page"}],"author":[{"embeddable":true,"href":"https:\/\/souslechapeau.fr\/index.php\/wp-json\/wp\/v2\/users\/1"}],"replies":[{"embeddable":true,"href":"https:\/\/souslechapeau.fr\/index.php\/wp-json\/wp\/v2\/comments?post=3"}],"version-history":[{"count":5,"href":"https:\/\/souslechapeau.fr\/index.php\/wp-json\/wp\/v2\/pages\/3\/revisions"}],"predecessor-version":[{"id":4015,"href":"https:\/\/souslechapeau.fr\/index.php\/wp-json\/wp\/v2\/pages\/3\/revisions\/4015"}],"wp:attachment":[{"href":"https:\/\/souslechapeau.fr\/index.php\/wp-json\/wp\/v2\/media?parent=3"}],"curies":[{"name":"wp","href":"https:\/\/api.w.org\/{rel}","templated":true}]}}